
Let f(i) = -i**3 - 9*i**2 - 3*i - 53. Let a be f(-10). Let q be (-2)/9 + (-7164)/(-162). What is the greatest common divisor of q and a?
11
Suppose -19*n + 54*n = -72*n + 35203. What is the greatest common factor of 49 and n?
7
Suppose 2*u = -5*i - 10 + 7, 5*u - 87 = i. Suppose -5 = a + 1. Let w(r) = 3*r**2 - 5*r + 6. Let b be w(a). Calculate the highest common factor of u and b.
16
Suppose l - 4*m - 124 - 4 = 0, -3*l = 4*m - 320. Calculate the greatest common factor of l and 182.
14
Suppose -2*c - 1648 = -3*g - 493, 5*g = -5*c + 1950. Calculate the highest common divisor of 301 and g.
43
Suppose 0 = -12*l - 0*l + 60. Let t be l/(45/6)*4*303. Let r be (-3)/(-9) + 3/(18/t). Calculate the greatest common divisor of 27 and r.
27
Let y be 31/(-62) - (-14)/(-4). Let w be 0 + (16/(-24))/(y/1782). Calculate the highest common factor of 66 and w.
33
Let f be ((-83)/(3403/(-205)))/((50/24)/5). Let c be 1/4 + 767/4. Calculate the highest common factor of f and c.
12
Let p(m) be the third derivative of m**5/10 + m**3/3 - 9*m**2. Let o = 16 - 14. Let c be p(o). What is the highest common divisor of c and 78?
26
Suppose -15*p = -23*p + 440. Let b be 10 + -9 + (-1)/(2/(-8)). Calculate the greatest common factor of b and p.
5
Let j be (68/(-119) + (-602)/147)*180/(-14). Suppose -4*l - 16 = 0, 4*u - 931 - 81 = -2*l. Calculate the highest common factor of j and u.
15
Let z = 1 + -1. Suppose z*b - b - 4*x = -9, 4*b + 34 = -2*x. Let r(h) = h**2 + 10*h + 9. Let j be r(b). Calculate the highest common factor of j and 140.
20
Let z = -181 - -316. Suppose -8*j = -z - 57. What is the greatest common factor of 16 and j?
8
Let u = 1763 + -1756. Calculate the greatest common factor of 345 and u.
1
Suppose -135*c = -29*c - 36146. Calculate the greatest common factor of c and 248.
31
Suppose -3*m = 3*k - 735, 0 = -41*k + 40*k - 4*m + 230. What is the highest common factor of 17125 and k?
125
Let y = -678 + 695. Let m(t) = t**3 - 17*t**2 - 4*t + 79. Let u be m(y). Calculate the greatest common divisor of u and 209.
11
Suppose -7*d - 1188 = -3*d - 4*y, -3*y - 604 = 2*d. Let z = d - -307. Calculate the greatest common factor of 14 and z.
2
Let h = 1160 + 10. What is the greatest common divisor of 630 and h?
90
Let i = 2709 + -2405. What is the greatest common divisor of i and 80?
16
Suppose -m + 26 = -2*g, 3*m + 58 = 5*m - 2*g. What is the highest common factor of 48 and m?
16
Let c(q) = q**3 + 21*q**2 + 37*q - 14. Let b be c(-19). Suppose -125 = -5*a + b*w, -4*w = -5*a + 31 + 93. Calculate the greatest common divisor of a and 40.
8
Suppose 50 = 4*a - 38. Calculate the highest common factor of a and 1342.
22
Let r(q) = -9*q + 89. Let u(l) = -10*l + 85. Let x(z) = -4*r(z) + 5*u(z). Let f be x(3). Calculate the highest common factor of f and 4.
1
Let f(v) = v**3 + 6*v**2 + 25*v + 110. Let n be f(0). Calculate the highest common factor of n and 8305.
55
Let i be (18 - 99390/(-6)) + -5. What is the highest common divisor of i and 108?
54
Let l be (81/(-1053))/(2/(-78)). What is the greatest common factor of 1641 and l?
3
Let c = 3758 - 2318. Calculate the highest common divisor of 300 and c.
60
Suppose -26*g = -83312 - 14838. What is the greatest common factor of 25 and g?
25
Let w(z) = 2*z**2 + 38*z. Let c be w(-19). Suppose c = -28*f + 13*f + 2880. What is the highest common factor of 12 and f?
12
Let b be -3*((-14)/3 + 1). Let g = 25 - b. Let j be -12 + 8 - (3 - -1)*-36. What is the highest common divisor of g and j?
14
Let o be (-134)/((128/(-952))/2*4/16). Calculate the greatest common divisor of o and 238.
119
Let r(f) = -31*f + 29 - 36*f - 42*f + 106*f. Let u be r(-35). What is the greatest common divisor of u and 2?
2
Let y be (15 - 69)*(0 + 1). Let i = y + 138. What is the highest common divisor of 36 and i?
12
Suppose 5*a = 5*n - 130, -2*a + 20 = -3*a - 5*n. Let s be a/1*(-1)/(-10)*4. Let r be (0 - s/7)/((-18)/(-126)). What is the greatest common factor of 20 and r?
10
Let n(y) be the first derivative of -11*y**4/2 + 11*y**3/3 + y**2 + y - 79. Let t be n(-2). Calculate the highest common factor of t and 155.
31
Let a be 10*(-2)/(-10)*2/4. Let i be (39 - (a + -1))/(12/8). Suppose 3*j = n + 385, 0 = j - 2*n - 32 - 88. What is the highest common divisor of i and j?
26
Suppose 20 = -5*m, 0 = -3*i - 3*m - 4 + 22. Suppose -i*l = -7*l - 159. Suppose 58*n = l*n + 1200. Calculate the highest common divisor of n and 48.
48
Let k(x) = -6*x**2 + 953*x - 148. Let n be k(154). Calculate the highest common divisor of n and 508.
254
Let a(j) = 5*j**2 - 4*j - 117. Let p be a(-7). Calculate the greatest common factor of 3588 and p.
156
Let t be 314/26 + (-22)/117 + 6/54. Suppose r = -0*u - u + 2, -2*r + 2 = 4*u. Let o be (-1 - 89)*(-2)/r. Calculate the highest common factor of o and t.
12
Let q be 3/3 + -2 - -23. Let i = -35 - -59. Let m = 26 - i. Calculate the greatest common factor of q and m.
2
Suppose -2*f = 4*f - 3120. Suppose 4*l - 3*a = 420, -6*l + l + f = -5*a. Suppose 7*k - 60 = l. Calculate the highest common factor of k and 12.
12
Let w(v) = -v**2 - 7*v - 2. Let j be w(-6). Suppose -9*q - 1242 = -94*q + 16*q. Calculate the highest common factor of j and q.
2
Let d be (-3887)/322 + (-1)/(-14). Let z be (-6)/(d/10) - -24. What is the greatest common divisor of 203 and z?
29
Suppose 33 = 5*j - 2. Suppose -5*m = j*m + 2004. Let u = -113 - m. What is the highest common factor of u and 6?
6
Let h = 3382 - 3380. What is the greatest common divisor of h and 422?
2
Suppose -7*c = -6 - 15. Let h(n) = 2 + 3*n**2 + n**2 - 6*n + 4*n + 2*n**3 - c*n**3. Let v be h(3). Calculate the greatest common factor of v and 5.
5
Let d = -7139 - -9895. What is the highest common divisor of 156 and d?
52
Suppose 2*r + 3*r = -4*r + 2556. What is the highest common factor of r and 36?
4
Let z be (18479 - -81) + (-8)/(-2). Calculate the highest common factor of 204 and z.
204
Let c(p) = 219*p - 992. Let x be c(5). What is the highest common factor of x and 1751?
103
Suppose 5066*d - 5076*d = -780. Calculate the highest common divisor of d and 30.
6
Let f be (4 - 601)/((-39)/26) - 7. What is the highest common factor of f and 68?
17
Suppose 18891 = 63*r - 8640. Calculate the highest common factor of 69 and r.
23
Let f = 11090 - 11080. Calculate the greatest common factor of 85 and f.
5
Let q(b) = 19*b**2 - 22*b - 163. Let u be q(-10). Calculate the highest common factor of u and 57.
19
Suppose -884*n + 81 = -883*n. Suppose -101 + n = -2*w. What is the greatest common factor of w and 10?
10
Suppose 6146 = 2*i - 2*h, 441*i - 2*h = 444*i - 9259. Calculate the highest common divisor of i and 78.
39
Let w(v) be the first derivative of -3*v**2/2 + 24*v + 280. Let x be w(1). Calculate the greatest common divisor of x and 525.
21
Let q(v) = -2*v - 4. Let c be q(-7). Suppose 0*k + c*k - 150 = 0. Calculate the highest common divisor of k and 165.
15
Let j = -36 + -37. Let n = j + 82. Suppose 340 = n*y + y. What is the highest common factor of y and 170?
34
Suppose 0*h = -4*h + 144. Let n be (-1081)/(-12) - (11050/408 - 27). Calculate the highest common factor of n and h.
18
Let o(h) = -h**3 - h**2 + 26. Let l be o(0). Suppose -21*s + 3801 = 798. Let a be s/(4/(6 + 2)). Calculate the highest common factor of a and l.
26
Let f be (-19)/(114/(-36)) - 3*-18. Suppose -3*s + 112 = 3*d + 31, -f = -2*s + 4*d. What is the highest common factor of 378 and s?
14
Suppose 17*l - 1392 = 11*l. Suppose l = 10*m - 318. Calculate the highest common divisor of 33 and m.
11
Let a = -157 + 160. Suppose -2*w = -3*z + z + 1656, -4150 = -5*z + a*w. What is the highest common factor of 17 and z?
17
Let d(m) = 15*m**2 - 25*m + 128. Let f be d(7). Calculate the greatest common divisor of f and 860.
172
Suppose -26*g = -27*g - 4. Let o be (48/(-72))/(g/858). Calculate the greatest common divisor of o and 13.
13
Suppose 0 = -n + 2*l + 45 + 47, -3*l = -6. What is the greatest common divisor of 6 and n?
6
Suppose 927 - 2166 = -42*q + 861. Calculate the greatest common factor of q and 290.
10
Let u be (-1 + -26)/(3/(-45)). Suppose -4*a = -4*s + 356, 708 - 261 = 5*s - 3*a. What is the greatest common factor of u and s?
45
Let r = -193 - -337. Let m(z) = z**3 - 7*z**2 + 30*z - 99. Let d be m(6). What is the highest common factor of d and r?
9
S